{"id":1121,"date":"2023-03-30T10:53:49","date_gmt":"2023-03-30T08:53:49","guid":{"rendered":"https:\/\/ludificacion.uv.es\/?page_id=1121"},"modified":"2023-03-30T10:53:50","modified_gmt":"2023-03-30T08:53:50","slug":"publicaciones","status":"publish","type":"page","link":"https:\/\/ludificacion.uv.es\/index.php\/publicaciones\/","title":{"rendered":"Publicaciones"},"content":{"rendered":"\n<p>Dentro de las actividades de la c\u00e1tedra se ha promovido la difusi\u00f3n de los resultados y proyectos realizados utilizando para ello medios de prensa escritos, radio, y tambi\u00e9n en congresos y revistas.<\/p>\n\n\n\n<p>Se han difundido algunas de las actividades de la c\u00e1tedra en las siguientes publicaciones acad\u00e9micas:<\/p>\n\n\n\n<p>\u201c<a href=\"https:\/\/ludificacion.uv.es\/wp-content\/uploads\/2023\/03\/25432-86266-1-PB.pdf\" target=\"_blank\" rel=\"noopener\" title=\"\">La ludificaci\u00f3n como instrumento para el gobierno abierto: experiencia en la ciudad de Valencia<\/a>\u201d. I. Coma, F. Grimaldo, D. Garc\u00eda-Costa, E. L\u00f3pez. TERRA. Revista de desarrollo local. e-ISSN: 2386-9968. <br>\u201cLudificaci\u00f3n de datos abiertos a trav\u00e9s de un proyecto tecnol\u00f3gico y art\u00edstico\u201d. D. Garc\u00eda-Costa, F. Grimado, I.Coma, E.L\u00f3pez. Congreso CUICIID. 5-7 octubre 2022<\/p>\n\n\n\n<p>\u00ab<a href=\"https:\/\/ludificacion.uv.es\/wp-content\/uploads\/2023\/03\/25432-86266-1-PB.pdf\" target=\"_blank\" rel=\"noopener\" title=\"\">Ciencia ciudadana y Datos Abiertos en un proyecto art\u00edstico-tecnol\u00f3gico<\/a>\u00ab. E. L\u00f3pez,I. Coma, D. Garc\u00eda-Costa,F. Grimaldo. TECHNO Review, 2023, pp. 2 &#8211; 12  ISSN 2695-9933. https:\/\/doi.org\/10.37467\/revtechno.v13.4975<\/p>\n\n\n\n<p>Tambi\u00e9n participamos en un \u00ab<a href=\"https:\/\/ludificacion.uv.es\/wp-content\/uploads\/2023\/03\/Catedra_LasProvincias_24-octubre-2021.pdf\" target=\"_blank\" rel=\"noopener\" title=\"\">Especial C\u00e1tedras\u00bb del peri\u00f3dico Las provincias<\/a>.<\/p>\n\n\n\n<p>Y en un programa de<a href=\"https:\/\/ludificacion.uv.es\/index.php\/2022\/11\/24\/la-catedra-en-radio-klara-valencia-klara-i-transparent\/\" target=\"_blank\" rel=\"noopener\" title=\"\"> Radio Klara: Valencia Klara i Transparent.<\/a><\/p>\n","protected":false},"excerpt":{"rendered":"<p>Dentro de las actividades de la c\u00e1tedra se ha promovido la difusi\u00f3n de los resultados y proyectos realizados utilizando para ello medios de prensa escritos, radio, y tambi\u00e9n en congresos y revistas. Se han difundido algunas de las actividades de la c\u00e1tedra en las siguientes publicaciones acad\u00e9micas: \u201cLa ludificaci\u00f3n como instrumento para el gobierno abierto: &hellip; <\/p>\n<p class=\"link-more\"><a href=\"https:\/\/ludificacion.uv.es\/index.php\/publicaciones\/\" class=\"more-link\">Continuar leyendo<span class=\"screen-reader-text\"> \u00abPublicaciones\u00bb<\/span><\/a><\/p>\n","protected":false},"author":1,"featured_media":0,"parent":0,"menu_order":0,"comment_status":"closed","ping_status":"closed","template":"","meta":{"sfsi_plus_gutenberg_text_before_share":"","sfsi_plus_gutenberg_show_text_before_share":"","sfsi_plus_gutenberg_icon_type":"","sfsi_plus_gutenberg_icon_alignemt":"","sfsi_plus_gutenburg_max_per_row":"","_monsterinsights_skip_tracking":false,"_monsterinsights_sitenote_active":false,"_monsterinsights_sitenote_note":"","_monsterinsights_sitenote_category":0,"footnotes":""},"class_list":["post-1121","page","type-page","status-publish","hentry"],"aioseo_notices":[],"_links":{"self":[{"href":"https:\/\/ludificacion.uv.es\/index.php\/wp-json\/wp\/v2\/pages\/1121","targetHints":{"allow":["GET"]}}],"collection":[{"href":"https:\/\/ludificacion.uv.es\/index.php\/wp-json\/wp\/v2\/pages"}],"about":[{"href":"https:\/\/ludificacion.uv.es\/index.php\/wp-json\/wp\/v2\/types\/page"}],"author":[{"embeddable":true,"href":"https:\/\/ludificacion.uv.es\/index.php\/wp-json\/wp\/v2\/users\/1"}],"replies":[{"embeddable":true,"href":"https:\/\/ludificacion.uv.es\/index.php\/wp-json\/wp\/v2\/comments?post=1121"}],"version-history":[{"count":6,"href":"https:\/\/ludificacion.uv.es\/index.php\/wp-json\/wp\/v2\/pages\/1121\/revisions"}],"predecessor-version":[{"id":1130,"href":"https:\/\/ludificacion.uv.es\/index.php\/wp-json\/wp\/v2\/pages\/1121\/revisions\/1130"}],"wp:attachment":[{"href":"https:\/\/ludificacion.uv.es\/index.php\/wp-json\/wp\/v2\/media?parent=1121"}],"curies":[{"name":"wp","href":"https:\/\/api.w.org\/{rel}","templated":true}]}}