{"id":691,"date":"2021-06-10T15:08:57","date_gmt":"2021-06-10T13:08:57","guid":{"rendered":"https:\/\/ludificacion.uv.es\/?page_id=691"},"modified":"2022-03-29T19:41:00","modified_gmt":"2022-03-29T17:41:00","slug":"concurso-de-ludificacion","status":"publish","type":"page","link":"https:\/\/ludificacion.uv.es\/index.php\/concurso-de-ludificacion\/","title":{"rendered":"Concurso de Ludificaci\u00f3n"},"content":{"rendered":"\n<style>\nbody {\n    text-align: justify;\n}\na {color: #000000 !important;}\nbody {\n    margin: 0;\n    font-family: -apple-system,BlinkMacSystemFont,\"Segoe UI\",Roboto,\"Helvetica Neue\",Arial,sans-serif,\"Apple Color Emoji\",\"Segoe UI Emoji\",\"Segoe UI Symbol\";\n    font-size: 1rem;\n    font-weight: 400;\n    line-height: 1.5;\n    color: #212529;\n    text-align: left;\n    background-color: #fff;\n}\n:root {\n    --blue: #007bff;\n    --indigo: #6610f2;\n    --purple: #6f42c1;\n    --pink: #e83e8c;\n    --red: #dc3545;\n    --orange: #fd7e14;\n    --yellow: #ffc107;\n    --green: #28a745;\n    --teal: #20c997;\n    --cyan: #17a2b8;\n    --white: #fff;\n    --gray: #6c757d;\n    --gray-dark: #343a40;\n    --primary: #007bff;\n    --secondary: #6c757d;\n    --success: #28a745;\n    --info: #17a2b8;\n    --warning: #ffc107;\n    --danger: #dc3545;\n    --light: #f8f9fa;\n    --dark: #343a40;\n    --breakpoint-xs: 0;\n    --breakpoint-sm: 576px;\n    --breakpoint-md: 768px;\n    --breakpoint-lg: 992px;\n    --breakpoint-xl: 1200px;\n    --font-family-sans-serif: -apple-system,BlinkMacSystemFont,\"Segoe UI\",Roboto,\"Helvetica Neue\",Arial,sans-serif,\"Apple Color Emoji\",\"Segoe UI Emoji\",\"Segoe UI Symbol\";\n    --font-family-monospace: SFMono-Regular,Menlo,Monaco,Consolas,\"Liberation Mono\",\"Courier New\",monospace;\n}\nhtml {\n    font-family: sans-serif;\n    line-height: 1.15;\n    -webkit-text-size-adjust: 100%;\n    -ms-text-size-adjust: 100%;\n    -ms-overflow-style: scrollbar;\n    -webkit-tap-highlight-color: transparent;\n}\n*, ::after, ::before {\n    box-sizing: border-box;\n}\n*, ::after, ::before {\n    box-sizing: border-box;\n}\n\n.table {\n    width: 100%;\n    max-width: 100%;\n    margin-bottom: 1rem;\n    background-color: transparent;\n}\n\ntable {\n    border-collapse: collapse;\n}\n\n.table thead th {\n    vertical-align: bottom;\n    border-bottom: 2px solid #dee2e6;\n}\n\n.table td, .table th {\n    padding: .75rem;\n    vertical-align: top;\n    border-top: 1px solid #dee2e6;\n}\nth {\n    text-align: inherit;\n}\n.table-striped tbody tr:nth-of-type(odd) {\n    background-color: rgba(0,0,0,.05);\n}\n\n.text-center {\n    text-align: center!important;\n}\n\n.h3, .h4, .h5, .h6, h3, h4, h5, h6 {\n    margin-bottom: .5rem;\n    font-family: inherit;\n    font-weight: 500;\n    line-height: 1.2;\n    color: inherit;\n}\nh3, h4, h5, h6 {\n    margin-top: 0;\n    margin-bottom: .5rem;\n}\n\n.card-title {\n    margin-bottom: .75rem;\n}\n.h5, h5 {\n    font-size: 1.25rem;\n}\n\n.text-muted {\n    color: #6c757d!important;\n}\n\n.mb-2, .my-2 {\n    margin-bottom: .5rem!important;\n}\n.card-subtitle {\n    margin-top: -.375rem;\n    margin-bottom: 0;\n}\n.h6, h6 {\n    font-size: 1rem;\n}\n\np {\n    margin-top: 0;\n    margin-bottom: 1rem;\n}\n\n*, ::after, ::before {\n    box-sizing: border-box;\n}\n\np {\n    display: block;\n    margin-block-start: 1em;\n    margin-block-end: 1em;\n    margin-inline-start: 0px;\n    margin-inline-end: 0px;\n}\n\na {\n    color: #007bff;\n    text-decoration: none;\n    background-color: transparent;\n    -webkit-text-decoration-skip: objects;\n}\n.card-link+.card-link {\n    margin-left: 1.25rem;\n}\n<\/style>\n\n\n\n<style>\n            .table-striped>tbody>tr:nth-child(odd)>td, \n            .table-striped>tbody>tr:nth-child(odd)>th \n            {\n                background-color: rgba(65, 165, 220, 0.15); \n            }\n\n.card-link\n{\ncolor: #007bff !important;\ntext-decoration: none;\n}\n            \n        <\/style>\n\n<table class=\"table table-striped\">\n  <thead>\n    <tr>\n        <th scope=\"row\"><h2 class=\"text-center\"><b>Ludificaci\u00f3n de la Ciudad de Valencia<\/b><\/h2><\/th>\n\n    <\/tr>\n    <tr>\n<td>\n<h3>Propuestas presentadas al Premio a la Ludificaci\u00f3n de la Ciudad de Valencia por los estudiantes de la ETSE-UV.<\/h3>\n<\/td>\n    <\/tr>\n  <\/thead>\n  <tbody>\n    <tr>\n        <th scope=\"row\">\n            <h4 class=\"card-title\">InVLC<\/h4>\n            <h6 class=\"card-subtitle mb-2 text-muted\">M\u00e1ster en Tecnolog\u00edas Web, Computaci\u00f3n en la Nube y Aplicaciones M\u00f3viles<\/h6>\n            <p class=\"card-text\">Grupo <i>CN<\/i><\/p>\n            <a href=\"https:\/\/ludificacion.uv.es\/wp-content\/uploads\/Ludificacion\/Ludificacion\/Manual%20de%20INVLC.pdf\" class=\"card-link\">Manual<\/a>\n            <a href=\"https:\/\/www.youtube.com\/watch?v=zQi3_5nkyRA&amp;ab_channel=yuyanwu\" class=\"card-link\">V\u00eddeo<\/a>\n        <\/th>\n    <\/tr>\n    <tr>\n        <th scope=\"row\">\n            <h4 class=\"card-title\">Aplicaci\u00f3n AR\/VR Concurso Ludificaci\u00f3n<\/h4>\n<h6 class=\"card-subtitle mb-2 text-muted\">Grado en Ingenier\u00eda Multimedia<\/h6>\n            <p class=\"card-text\">Grupo <i>FlexDevs<\/i><\/p>\n            <a href=\"https:\/\/ludificacion.uv.es\/wp-content\/uploads\/Ludificacion\/Ludificacion\/MANUAL%20LUDIFICACI%C3%93N.pdf\" class=\"card-link\">Manual<\/a>\n            <a href=\"https:\/\/www.youtube.com\/watch?v=018xdz3H-kQ&amp;ab_channel=LucasFerry\" class=\"card-link\">V\u00eddeo<\/a>\n        <\/th>\n    <\/tr>\n    <tr>\n        <th scope=\"row\">\n            <h4 class=\"card-title\">Aplicaci\u00f3n tur\u00edstica de Valencia en Realidad Aumentada y Realidad Virtual<\/h4>\n            <h6 class=\"card-subtitle mb-2 text-muted\">Grado en Ingenier\u00eda Multimedia<\/h6>\n            <p class=\"card-text\">Grupo <i>ARcho<\/i><\/p>\n            <a href=\"https:\/\/ludificacion.uv.es\/wp-content\/uploads\/Ludificacion\/Ludificacion\/Manual%20Proyecto.pdf\" class=\"card-link\">Manual<\/a>\n            <a href=\"https:\/\/www.youtube.com\/watch?v=DiDJoWtANWY&amp;ab_channel=C%C3%ABreProductions\" class=\"card-link\">V\u00eddeo<\/a>\n        <\/th>\n    <\/tr>\n    <tr>\n    <th scope=\"row\">\n        <h4 class=\"card-title\">Ludificaci\u00f3n<\/h4>\n        <h6 class=\"card-subtitle mb-2 text-muted\">Grado en Ingenier\u00eda Multimedia<\/h6>\n        <p class=\"card-text\">Grupo <i>Silmar<\/i><\/p>\n        <a href=\"https:\/\/ludificacion.uv.es\/wp-content\/uploads\/Ludificacion\/Ludificacion\/Gu%C3%ADa%20Usuario.pdf\" class=\"card-link\">Manual<\/a>\n        <a href=\"https:\/\/www.youtube.com\/watch?v=oQ-Hm9WGblo&amp;ab_channel=Mar%C3%ADaDoloresRodr%C3%ADguez\" class=\"card-link\">V\u00eddeo<\/a>\n    <\/th>\n    <\/tr>\n    <tr>\n    <th scope=\"row\">\n        <h4 class=\"card-title\">Valenmonu<\/h4>\n        <h6 class=\"card-subtitle mb-2 text-muted\">Grado en Ingenier\u00eda Multimedia<\/h6>\n        <p class=\"card-text\">Grupo <i>G1<\/i><\/p>\n        <a href=\"https:\/\/ludificacion.uv.es\/wp-content\/uploads\/Ludificacion\/Ludificacion\/Documentaci%C3%B3n%20VALENMONU.pdf\" class=\"card-link\">Manual<\/a>\n        <a href=\"https:\/\/www.youtube.com\/watch?v=s-yxcjLUUjI&amp;ab_channel=MiriamMart%C3%ADnezRaso\" class=\"card-link\">V\u00eddeo<\/a>\n    <\/th>\n    <\/tr>\n    <tr>\n    <th scope=\"row\">\n        <h4 class=\"card-title\">GeoValencia<\/h4>\n        <h6 class=\"card-subtitle mb-2 text-muted\">Grado en Ingenier\u00eda Multimedia<\/h6>\n        <p class=\"card-text\">Grupo <i>G10<\/i><\/p>\n        <a href=\"https:\/\/ludificacion.uv.es\/wp-content\/uploads\/Ludificacion\/Ludificacion\/Manual%20usuario%20IM.pdf\" class=\"card-link\">Manual<\/a>\n        <a href=\"https:\/\/www.youtube.com\/watch?v=rpeJBgRykoE&amp;ab_channel=DiegoMesurado\" class=\"card-link\">V\u00eddeo<\/a>\n    <\/th>\n    <\/tr>\n    <tr>\n    <th scope=\"row\">\n        <h4 class=\"card-title\">Proyecto de Interacci\u00f3n Multimodal<\/h4>\n        <h6 class=\"card-subtitle mb-2 text-muted\">Grado en Ingenier\u00eda Multimedia<\/h6>\n        <p class=\"card-text\">Grupo <i>G11<\/i><\/p>\n        <a href=\"https:\/\/ludificacion.uv.es\/wp-content\/uploads\/Ludificacion\/Ludificacion\/Manual%20de%20usuario.pdf\" class=\"card-link\">Manual<\/a>\n        <a href=\"https:\/\/www.youtube.com\/watch?v=iyDX3XaJYCI&amp;ab_channel=SandraNietoNavarro\" class=\"card-link\">V\u00eddeo<\/a>\n    <\/th>\n    <\/tr>\n  <\/tbody>\n<\/table>\n\n\n\n<p><\/p>\n","protected":false},"excerpt":{"rendered":"<p>Ludificaci\u00f3n de la Ciudad de Valencia Propuestas presentadas al Premio a la Ludificaci\u00f3n de la Ciudad de Valencia por los estudiantes de la ETSE-UV. InVLC M\u00e1ster en Tecnolog\u00edas Web, Computaci\u00f3n en la Nube y Aplicaciones M\u00f3viles Grupo CN Manual V\u00eddeo Aplicaci\u00f3n AR\/VR Concurso Ludificaci\u00f3n Grado en Ingenier\u00eda Multimedia Grupo FlexDevs Manual V\u00eddeo Aplicaci\u00f3n tur\u00edstica de &hellip; <\/p>\n<p class=\"link-more\"><a href=\"https:\/\/ludificacion.uv.es\/index.php\/concurso-de-ludificacion\/\" class=\"more-link\">Continuar leyendo<span class=\"screen-reader-text\"> \u00abConcurso de Ludificaci\u00f3n\u00bb<\/span><\/a><\/p>\n","protected":false},"author":1,"featured_media":0,"parent":0,"menu_order":0,"comment_status":"closed","ping_status":"closed","template":"","meta":{"sfsi_plus_gutenberg_text_before_share":"","sfsi_plus_gutenberg_show_text_before_share":"","sfsi_plus_gutenberg_icon_type":"","sfsi_plus_gutenberg_icon_alignemt":"","sfsi_plus_gutenburg_max_per_row":"","_monsterinsights_skip_tracking":false,"_monsterinsights_sitenote_active":false,"_monsterinsights_sitenote_note":"","_monsterinsights_sitenote_category":0,"footnotes":""},"class_list":["post-691","page","type-page","status-publish","hentry"],"aioseo_notices":[],"_links":{"self":[{"href":"https:\/\/ludificacion.uv.es\/index.php\/wp-json\/wp\/v2\/pages\/691","targetHints":{"allow":["GET"]}}],"collection":[{"href":"https:\/\/ludificacion.uv.es\/index.php\/wp-json\/wp\/v2\/pages"}],"about":[{"href":"https:\/\/ludificacion.uv.es\/index.php\/wp-json\/wp\/v2\/types\/page"}],"author":[{"embeddable":true,"href":"https:\/\/ludificacion.uv.es\/index.php\/wp-json\/wp\/v2\/users\/1"}],"replies":[{"embeddable":true,"href":"https:\/\/ludificacion.uv.es\/index.php\/wp-json\/wp\/v2\/comments?post=691"}],"version-history":[{"count":34,"href":"https:\/\/ludificacion.uv.es\/index.php\/wp-json\/wp\/v2\/pages\/691\/revisions"}],"predecessor-version":[{"id":1009,"href":"https:\/\/ludificacion.uv.es\/index.php\/wp-json\/wp\/v2\/pages\/691\/revisions\/1009"}],"wp:attachment":[{"href":"https:\/\/ludificacion.uv.es\/index.php\/wp-json\/wp\/v2\/media?parent=691"}],"curies":[{"name":"wp","href":"https:\/\/api.w.org\/{rel}","templated":true}]}}